{"id":95,"date":"2024-01-16T13:03:25","date_gmt":"2024-01-16T12:03:25","guid":{"rendered":"https:\/\/transformeu.ue.poznan.pl\/?page_id=95"},"modified":"2024-11-14T22:19:07","modified_gmt":"2024-11-14T21:19:07","slug":"teaching-guide","status":"publish","type":"page","link":"https:\/\/transformeu.ue.poznan.pl\/?page_id=95","title":{"rendered":"Teaching guide"},"content":{"rendered":"\n<div class=\"wp-block-columns has-nv-light-bg-background-color has-background is-layout-flex wp-container-core-columns-is-layout-9d6595d7 wp-block-columns-is-layout-flex\">\n<div class=\"wp-block-column is-layout-flow wp-block-column-is-layout-flow\">\n<p><\/p>\n\n\n\n<h3 class=\"wp-block-heading\">The English version of the teaching guide has been released<\/h3>\n\n\n\n<p>Publication How to talk about sustainable development? Lesson scenarios for secondary schools is designed to support teachers who want to discuss topics related to the transformation of the socio-economic system towards sustainability with their students.<\/p>\n\n\n\n<div class=\"wp-block-buttons is-layout-flex wp-block-buttons-is-layout-flex\">\n<div class=\"wp-block-button is-style-primary\"><a class=\"wp-block-button__link wp-element-button\" href=\"https:\/\/transformeu.ue.poznan.pl\/?page_id=1356\">Read more<\/a><\/div>\n<\/div>\n<\/div>\n\n\n\n<div class=\"wp-block-column is-vertically-aligned-center is-layout-flow wp-block-column-is-layout-flow\">\n<figure class=\"wp-block-image size-full\"><img loading=\"lazy\" decoding=\"async\" width=\"693\" height=\"480\" src=\"https:\/\/transformeu.ue.poznan.pl\/wp-content\/uploads\/2024\/11\/teach_guide_en.jpg\" alt=\"\" class=\"wp-image-1232\" srcset=\"https:\/\/transformeu.ue.poznan.pl\/wp-content\/uploads\/2024\/11\/teach_guide_en.jpg 693w, https:\/\/transformeu.ue.poznan.pl\/wp-content\/uploads\/2024\/11\/teach_guide_en-300x208.jpg 300w\" sizes=\"auto, (max-width: 693px) 100vw, 693px\" \/><\/figure>\n<\/div>\n<\/div>\n\n\n\n<div style=\"height:55px\" aria-hidden=\"true\" class=\"wp-block-spacer\"><\/div>\n\n\n\n<hr class=\"wp-block-separator has-text-color has-nv-light-bg-color has-alpha-channel-opacity has-nv-light-bg-background-color has-background is-style-wide\"\/>\n\n\n\n<div style=\"height:55px\" aria-hidden=\"true\" class=\"wp-block-spacer\"><\/div>\n\n\n\n<div class=\"wp-block-columns has-nv-light-bg-background-color has-background is-layout-flex wp-container-core-columns-is-layout-9d6595d7 wp-block-columns-is-layout-flex\">\n<div class=\"wp-block-column is-layout-flow wp-block-column-is-layout-flow\"><div class=\"wp-block-image\">\n<figure class=\"aligncenter size-large\"><img loading=\"lazy\" decoding=\"async\" width=\"1024\" height=\"747\" src=\"https:\/\/transformeu.ue.poznan.pl\/wp-content\/uploads\/2024\/05\/teach_guide_pl-1024x747.jpg\" alt=\"\" class=\"wp-image-1227\" srcset=\"https:\/\/transformeu.ue.poznan.pl\/wp-content\/uploads\/2024\/05\/teach_guide_pl-1024x747.jpg 1024w, https:\/\/transformeu.ue.poznan.pl\/wp-content\/uploads\/2024\/05\/teach_guide_pl-300x219.jpg 300w, https:\/\/transformeu.ue.poznan.pl\/wp-content\/uploads\/2024\/05\/teach_guide_pl-768x561.jpg 768w, https:\/\/transformeu.ue.poznan.pl\/wp-content\/uploads\/2024\/05\/teach_guide_pl-1536x1121.jpg 1536w, https:\/\/transformeu.ue.poznan.pl\/wp-content\/uploads\/2024\/05\/teach_guide_pl-2048x1495.jpg 2048w\" sizes=\"auto, (max-width: 1024px) 100vw, 1024px\" \/><\/figure>\n<\/div><\/div>\n\n\n\n<div class=\"wp-block-column is-vertically-aligned-center is-layout-flow wp-block-column-is-layout-flow\">\n<h3 class=\"wp-block-heading\">Ukaza\u0142 si\u0119 przewodnik metodyczny dla nauczycieli w j\u0119zyku polskim<\/h3>\n\n\n\n<p>Przewodnik metodyczny \u201eJak m\u00f3wi\u0107 o zr\u00f3wnowa\u017conym rozwoju? Scenariusze lekcji dla szk\u00f3\u0142 ponadpodstawowych\u201d ma za zadanie wsparcie nauczycieli chc\u0105cych rozmawia\u0107 z uczniami na tematy zwi\u0105zane z transformacj\u0105 systemu spo\u0142eczno-gospodarczego w kierunku zr\u00f3wnowa\u017conym.<\/p>\n\n\n\n<div class=\"wp-block-buttons is-layout-flex wp-block-buttons-is-layout-flex\">\n<div class=\"wp-block-button is-style-primary\"><a class=\"wp-block-button__link wp-element-button\" href=\"https:\/\/transformeu.ue.poznan.pl\/?page_id=1361\">Czytaj wi\u0119cej<\/a><\/div>\n<\/div>\n<\/div>\n<\/div>\n\n\n\n<p><\/p>\n","protected":false},"excerpt":{"rendered":"<p>The English version of the teaching guide has been released Publication How to talk about sustainable development? Lesson scenarios for secondary schools is designed to support teachers who want to discuss topics related to the transformation of the socio-economic system towards sustainability with their students. Ukaza\u0142 si\u0119 przewodnik metodyczny dla nauczycieli w j\u0119zyku polskim Przewodnik&hellip;&nbsp;<a href=\"https:\/\/transformeu.ue.poznan.pl\/?page_id=95\" rel=\"bookmark\">Read More &raquo;<span class=\"screen-reader-text\">Teaching guide<\/span><\/a><\/p>\n","protected":false},"author":1,"featured_media":0,"parent":0,"menu_order":0,"comment_status":"closed","ping_status":"closed","template":"","meta":{"neve_meta_sidebar":"","neve_meta_container":"","neve_meta_enable_content_width":"","neve_meta_content_width":0,"neve_meta_title_alignment":"","neve_meta_author_avatar":"","neve_post_elements_order":"","neve_meta_disable_header":"","neve_meta_disable_footer":"","neve_meta_disable_title":"","_themeisle_gutenberg_block_has_review":false,"footnotes":""},"class_list":["post-95","page","type-page","status-publish","hentry"],"_links":{"self":[{"href":"https:\/\/transformeu.ue.poznan.pl\/index.php?rest_route=\/wp\/v2\/pages\/95","targetHints":{"allow":["GET"]}}],"collection":[{"href":"https:\/\/transformeu.ue.poznan.pl\/index.php?rest_route=\/wp\/v2\/pages"}],"about":[{"href":"https:\/\/transformeu.ue.poznan.pl\/index.php?rest_route=\/wp\/v2\/types\/page"}],"author":[{"embeddable":true,"href":"https:\/\/transformeu.ue.poznan.pl\/index.php?rest_route=\/wp\/v2\/users\/1"}],"replies":[{"embeddable":true,"href":"https:\/\/transformeu.ue.poznan.pl\/index.php?rest_route=%2Fwp%2Fv2%2Fcomments&post=95"}],"version-history":[{"count":12,"href":"https:\/\/transformeu.ue.poznan.pl\/index.php?rest_route=\/wp\/v2\/pages\/95\/revisions"}],"predecessor-version":[{"id":1367,"href":"https:\/\/transformeu.ue.poznan.pl\/index.php?rest_route=\/wp\/v2\/pages\/95\/revisions\/1367"}],"wp:attachment":[{"href":"https:\/\/transformeu.ue.poznan.pl\/index.php?rest_route=%2Fwp%2Fv2%2Fmedia&parent=95"}],"curies":[{"name":"wp","href":"https:\/\/api.w.org\/{rel}","templated":true}]}}