{"id":1407,"date":"2025-01-31T00:27:26","date_gmt":"2025-01-30T23:27:26","guid":{"rendered":"https:\/\/transformeu.ue.poznan.pl\/?page_id=1407"},"modified":"2025-01-31T00:27:26","modified_gmt":"2025-01-30T23:27:26","slug":"report-on-the-green-and-digital-transition-in-the-eu","status":"publish","type":"page","link":"https:\/\/transformeu.ue.poznan.pl\/?page_id=1407","title":{"rendered":"Report on the green and digital transition in the EU"},"content":{"rendered":"\n<div class=\"wp-block-columns is-layout-flex wp-container-core-columns-is-layout-9d6595d7 wp-block-columns-is-layout-flex\">\n<div class=\"wp-block-column is-layout-flow wp-block-column-is-layout-flow\">\n<p>In the European Union, green and digital transition are being addressed through ambitious policy frameworks such as the European Green Deal and the Digital Europe Programme. Globally, efforts are coordinated through international agreements like the Paris Agreement and various UN initiatives. Both transitions offer opportunities for economic growth, improved quality of life, and enhanced sustainability. However, they also require significant investment, policy coordination, and societal adaptation to navigate successfully. In the light of the aforementioned challenges we provide four views on the problems and prospective solutions. The experts shared their knowledge during the webinar \u201cGreen and digital transition in the EU\u201d organised under the project of Jean Monnet Centre of Excellence project \u201cResilient and transforming Europe\u201d (Transform EU) on January 17, 2024 at the Pozna\u0144 University of Economics and Business in Poznan.<\/p>\n\n\n\n<p>Table of contents<\/p>\n\n\n\n<p>English version<\/p>\n\n\n\n<ul class=\"wp-block-list\">\n<li>Introduction (Dorota Czy\u017cewska-Misztal, Ida Musia\u0142kowska, Krzysztof Walczak)<\/li>\n\n\n\n<li>Digital transformation with AI: A challenge for education (Wojciech Cellary)<\/li>\n\n\n\n<li>Deep ESG and the green revolution: Challenges and opportunities for companies and academia (Jakub Jasiczak)<\/li>\n\n\n\n<li>What is green and digital transformation and how can benefit people, the environment and the economy? (Ilias Iakovidis)<\/li>\n\n\n\n<li>Sustainability transitions in European Union cohesion policy: A regional perspective (Ma\u0142gorzata Dziemba\u0142a)<\/li>\n<\/ul>\n\n\n\n<p>Wersja polska<\/p>\n\n\n\n<ul class=\"wp-block-list\">\n<li>Wprowadzenie (Dorota Czy\u017cewska-Misztal, Ida Musia\u0142kowska, Krzysztof Walczak)<\/li>\n\n\n\n<li>Transformacja cyfrowa z wykorzystaniem sztucznej inteligencji. Wyzwanie dla edukacji (Wojciech Cellary)<\/li>\n\n\n\n<li>Deep ESG i zielona rewolucja. Wyzwania i mo\u017cliwo\u015bci dla firm i \u015brodowiska akademickiego (Jakub Jasiczak)<\/li>\n\n\n\n<li>Na czym polegaj\u0105 zielona i cyfrowa transformacja i jakie korzy\u015bci mog\u0105 przynie\u015b\u0107 ludziom, \u015brodowisku i gospodarce? (Ilias Iakovidis)<\/li>\n\n\n\n<li>Przemiany zr\u00f3wnowa\u017conego rozwoju w polityce sp\u00f3jno\u015bci Unii Europejskiej. Perspektywa regionalna (Ma\u0142gorzata Dziemba\u0142a)<\/li>\n<\/ul>\n\n\n\n<p>Suggested citation: Czy\u017cewska-Misztal, D., Musia\u0142kowska, I. i Walczak, K. (red.). (2025). Green and digital transition in the European Union. Report from the seminar under the project of Jean Monnet Center of Excellence \u201cResilient and transforming Europe\u201d Transform EU. Wydawnictwo Uniwersytetu Ekonomicznego w Poznaniu. <a href=\"https:\/\/doi.org\/10.18559\/978-83-8211-258-0\">https:\/\/doi.org\/10.18559\/978-83-8211-258-0<\/a><\/p>\n\n\n\n<div data-wp-interactive=\"core\/file\" class=\"wp-block-file\"><object data-wp-bind--hidden=\"!state.hasPdfPreview\" hidden class=\"wp-block-file__embed\" data=\"https:\/\/transformeu.ue.poznan.pl\/wp-content\/uploads\/2025\/01\/978-83-8211-258-0.pdf\" type=\"application\/pdf\" style=\"width:100%;height:600px\" aria-label=\"Embed of 978-83-8211-258-0.\"><\/object><a id=\"wp-block-file--media-3d442934-1986-42ed-9f05-9e8a62b6419f\" href=\"https:\/\/transformeu.ue.poznan.pl\/wp-content\/uploads\/2025\/01\/978-83-8211-258-0.pdf\">978-83-8211-258-0<\/a><a href=\"https:\/\/transformeu.ue.poznan.pl\/wp-content\/uploads\/2025\/01\/978-83-8211-258-0.pdf\" class=\"wp-block-file__button wp-element-button\" download aria-describedby=\"wp-block-file--media-3d442934-1986-42ed-9f05-9e8a62b6419f\">Pobierz<\/a><\/div>\n<\/div>\n<\/div>\n","protected":false},"excerpt":{"rendered":"<p>In the European Union, green and digital transition are being addressed through ambitious policy frameworks such as the European Green Deal and the Digital Europe Programme. Globally, efforts are coordinated through international agreements like the Paris Agreement and various UN initiatives. Both transitions offer opportunities for economic growth, improved quality of life, and enhanced sustainability.&hellip;&nbsp;<a href=\"https:\/\/transformeu.ue.poznan.pl\/?page_id=1407\" rel=\"bookmark\">Read More &raquo;<span class=\"screen-reader-text\">Report on the green and digital transition in the EU<\/span><\/a><\/p>\n","protected":false},"author":1,"featured_media":0,"parent":0,"menu_order":0,"comment_status":"closed","ping_status":"closed","template":"","meta":{"neve_meta_sidebar":"","neve_meta_container":"","neve_meta_enable_content_width":"","neve_meta_content_width":0,"neve_meta_title_alignment":"","neve_meta_author_avatar":"","neve_post_elements_order":"","neve_meta_disable_header":"","neve_meta_disable_footer":"","neve_meta_disable_title":"","_themeisle_gutenberg_block_has_review":false,"footnotes":""},"class_list":["post-1407","page","type-page","status-publish","hentry"],"_links":{"self":[{"href":"https:\/\/transformeu.ue.poznan.pl\/index.php?rest_route=\/wp\/v2\/pages\/1407","targetHints":{"allow":["GET"]}}],"collection":[{"href":"https:\/\/transformeu.ue.poznan.pl\/index.php?rest_route=\/wp\/v2\/pages"}],"about":[{"href":"https:\/\/transformeu.ue.poznan.pl\/index.php?rest_route=\/wp\/v2\/types\/page"}],"author":[{"embeddable":true,"href":"https:\/\/transformeu.ue.poznan.pl\/index.php?rest_route=\/wp\/v2\/users\/1"}],"replies":[{"embeddable":true,"href":"https:\/\/transformeu.ue.poznan.pl\/index.php?rest_route=%2Fwp%2Fv2%2Fcomments&post=1407"}],"version-history":[{"count":1,"href":"https:\/\/transformeu.ue.poznan.pl\/index.php?rest_route=\/wp\/v2\/pages\/1407\/revisions"}],"predecessor-version":[{"id":1408,"href":"https:\/\/transformeu.ue.poznan.pl\/index.php?rest_route=\/wp\/v2\/pages\/1407\/revisions\/1408"}],"wp:attachment":[{"href":"https:\/\/transformeu.ue.poznan.pl\/index.php?rest_route=%2Fwp%2Fv2%2Fmedia&parent=1407"}],"curies":[{"name":"wp","href":"https:\/\/api.w.org\/{rel}","templated":true}]}}